{"id":36,"date":"2022-08-08T18:17:53","date_gmt":"2022-08-08T16:17:53","guid":{"rendered":"https:\/\/vedas-endurance.fr\/?page_id=36"},"modified":"2024-10-10T22:15:18","modified_gmt":"2024-10-10T20:15:18","slug":"le-club","status":"publish","type":"page","link":"https:\/\/vedas-endurance.fr\/index.php\/le-club\/","title":{"rendered":"Le Club"},"content":{"rendered":"<div class=\"wp-block-image\">\n<figure class=\"aligncenter size-full is-resized\"><img loading=\"lazy\" decoding=\"async\" width=\"1102\" height=\"1131\" src=\"https:\/\/vedas-endurance.fr\/wp-content\/uploads\/2024\/10\/cropped-logo-vedas-new.jpeg\" alt=\"\" class=\"wp-image-1983\" style=\"width:440px;height:auto\" srcset=\"https:\/\/vedas-endurance.fr\/wp-content\/uploads\/2024\/10\/cropped-logo-vedas-new.jpeg 1102w, https:\/\/vedas-endurance.fr\/wp-content\/uploads\/2024\/10\/cropped-logo-vedas-new-292x300.jpeg 292w, https:\/\/vedas-endurance.fr\/wp-content\/uploads\/2024\/10\/cropped-logo-vedas-new-998x1024.jpeg 998w, https:\/\/vedas-endurance.fr\/wp-content\/uploads\/2024\/10\/cropped-logo-vedas-new-768x788.jpeg 768w, https:\/\/vedas-endurance.fr\/wp-content\/uploads\/2024\/10\/cropped-logo-vedas-new-1052x1080.jpeg 1052w\" sizes=\"auto, (max-width: 1102px) 100vw, 1102px\" \/><\/figure>\n<\/div>\n\n\n<p>V\u00c9DAS ENDURANCE propose de d\u00e9velopper la pratique de la course \u00e0 pied de mani\u00e8re collective au sein d\u2019une structure organis\u00e9e s\u2019assurant les services d\u2019un entra\u00eeneur hors stade niveau 3 de la F\u00e9d\u00e9ration Fran\u00e7aise d\u2019Athl\u00e9tisme (F.F.A) et de plusieurs entra\u00eeneurs-adjoints.<\/p>\n\n\n\n<p>Il ne s\u2019agit pas pour l\u2019association de former une \u00e9lite mais de mettre en \u0153uvre les moyens qui permettent de pratiquer collectivement un sport individuel qui demande beaucoup d\u2019engagement et de motivation.&nbsp;<\/p>\n\n\n\n<p>C\u2019est dans le groupe que chacun puise son \u00e9nergie pour courir avec plaisir et bonne humeur. V\u00c9DAS ENDURANCE offre aussi la possibilit\u00e9 de progresser dans ce sport de mani\u00e8re ludique et construite en respectant les objectifs de chacun.&nbsp;<\/p>\n\n\n\n<p>Pour ceux qui le souhaitent, V\u00c9DAS ENDURANCE propose une alternative f\u00e9d\u00e9rative avec la souscription d\u2019une licence permettant de participer aux comp\u00e9titions officielles et aux divers championnats de la F.F.A.<\/p>\n\n\n\n<p>Pour favoriser la convivialit\u00e9 au sein du groupe, V\u00c9DAS ENDURANCE organise r\u00e9guli\u00e8rement des rencontres festives et familiales, des soir\u00e9es th\u00e9matiques sur la bonne pratique de la course \u00e0 pied, des activit\u00e9s sportives diverses, des week-ends course \u00e0 pied en France ou \u00e0 l\u2019\u00e9tranger.<br>Il est entendu que toutes les activit\u00e9s encadr\u00e9es par V\u00c9DAS ENDURANCE sont facultatives et que le club s\u2019engage \u00e0 respecter en toutes circonstances l\u2019esprit de libert\u00e9 qui pr\u00e9vaut \u00e0 la pratique de la course \u00e0 pied.<\/p>\n\n\n\n<hr class=\"wp-block-separator has-alpha-channel-opacity\"\/>\n\n\n\n<p><strong>Le Bureau<\/strong><\/p>\n\n\n\n<figure class=\"wp-block-table aligncenter is-style-stripes\"><table><tbody><tr><td class=\"has-text-align-center\" data-align=\"center\"><strong>Pr\u00e9sident<\/strong><\/td><td class=\"has-text-align-center\" data-align=\"center\">Denis JEANCEL<\/td><td class=\"has-text-align-center\" data-align=\"center\"><img loading=\"lazy\" decoding=\"async\" width=\"150\" height=\"149\" class=\"wp-image-234\" style=\"width: 150px;\" src=\"https:\/\/vedas-endurance.fr\/wp-content\/uploads\/2022\/09\/denis.jpg\" alt=\"\" srcset=\"https:\/\/vedas-endurance.fr\/wp-content\/uploads\/2022\/09\/denis.jpg 828w, https:\/\/vedas-endurance.fr\/wp-content\/uploads\/2022\/09\/denis-300x297.jpg 300w, https:\/\/vedas-endurance.fr\/wp-content\/uploads\/2022\/09\/denis-150x150.jpg 150w, https:\/\/vedas-endurance.fr\/wp-content\/uploads\/2022\/09\/denis-768x761.jpg 768w\" sizes=\"auto, (max-width: 150px) 100vw, 150px\" \/><\/td><\/tr><tr><td class=\"has-text-align-center\" data-align=\"center\"><strong>Vice-Pr\u00e9sident<\/strong><\/td><td class=\"has-text-align-center\" data-align=\"center\">Luc BERENGUER<\/td><td class=\"has-text-align-center\" data-align=\"center\"><img loading=\"lazy\" decoding=\"async\" width=\"150\" height=\"150\" class=\"wp-image-254\" style=\"width: 150px;\" src=\"https:\/\/vedas-endurance.fr\/wp-content\/uploads\/2022\/09\/luc.png\" alt=\"\"><strong>&nbsp;<\/strong><\/td><\/tr><tr><td class=\"has-text-align-center\" data-align=\"center\"><strong>Secr\u00e9taire<\/strong><\/td><td class=\"has-text-align-center\" data-align=\"center\">Pascal JOUANNO<\/td><td class=\"has-text-align-center\" data-align=\"center\"><img loading=\"lazy\" decoding=\"async\" width=\"147\" height=\"147\" class=\"wp-image-235\" style=\"width: 147px;\" src=\"https:\/\/vedas-endurance.fr\/wp-content\/uploads\/2022\/09\/pascal.png\" alt=\"\"><\/td><\/tr><tr><td class=\"has-text-align-center\" data-align=\"center\"><strong>Tr\u00e9sori\u00e8re<\/strong><\/td><td class=\"has-text-align-center\" data-align=\"center\">Laurence SOLER<\/td><td class=\"has-text-align-center\" data-align=\"center\"><img loading=\"lazy\" decoding=\"async\" width=\"147\" height=\"146\" class=\"wp-image-236\" style=\"width: 147px;\" src=\"https:\/\/vedas-endurance.fr\/wp-content\/uploads\/2022\/09\/laurence.png\" alt=\"\"><\/td><\/tr><tr><td class=\"has-text-align-center\" data-align=\"center\"><strong>Entra\u00eeneur F.F.A.<\/strong><\/td><td class=\"has-text-align-center\" data-align=\"center\">Erik TALLAGRAND<\/td><td class=\"has-text-align-center\" data-align=\"center\"><img loading=\"lazy\" decoding=\"async\" width=\"150\" height=\"150\" class=\"wp-image-268\" style=\"width: 150px;\" src=\"https:\/\/vedas-endurance.fr\/wp-content\/uploads\/2022\/09\/Erik.png\" alt=\"\"><strong>&nbsp;<\/strong><\/td><\/tr><tr><td class=\"has-text-align-center\" data-align=\"center\"><strong>Communication<\/strong><\/td><td class=\"has-text-align-center\" data-align=\"center\">Nathalie LACAM<br>Dominique HURAULT<br><\/td><td class=\"has-text-align-center\" data-align=\"center\"><img loading=\"lazy\" decoding=\"async\" width=\"150\" height=\"150\" class=\"wp-image-237\" style=\"width: 150px;\" src=\"https:\/\/vedas-endurance.fr\/wp-content\/uploads\/2022\/09\/nathalie.jpg\" alt=\"\" srcset=\"https:\/\/vedas-endurance.fr\/wp-content\/uploads\/2022\/09\/nathalie.jpg 828w, https:\/\/vedas-endurance.fr\/wp-content\/uploads\/2022\/09\/nathalie-300x300.jpg 300w, https:\/\/vedas-endurance.fr\/wp-content\/uploads\/2022\/09\/nathalie-150x150.jpg 150w, https:\/\/vedas-endurance.fr\/wp-content\/uploads\/2022\/09\/nathalie-768x768.jpg 768w\" sizes=\"auto, (max-width: 150px) 100vw, 150px\" \/><br><img loading=\"lazy\" decoding=\"async\" width=\"147\" height=\"148\" class=\"wp-image-238\" style=\"width: 147px;\" src=\"https:\/\/vedas-endurance.fr\/wp-content\/uploads\/2022\/09\/dominique.png\" alt=\"\"><\/td><\/tr><tr><td class=\"has-text-align-center\" data-align=\"center\"><strong>Membres actifs<\/strong><\/td><td class=\"has-text-align-center\" data-align=\"center\">C\u00e9dric PLANCHER \/ Eug\u00e9nie KONRATH <br>Mireille AURIAC \/ Nicole CR\u00c9BASSA <br>Patrice ALVERNHES \/ Michel FAVA <br>Jean- Pierre EXPOSITO \/ Marc COMBRET<br>Thierry ROUSSET \/ Florence BOUAH-KAMON<br>Laurent MARTY\/ Manon DE FRANCO \/ Fabrice GRENIER<\/td><td class=\"has-text-align-center\" data-align=\"center\"><\/td><\/tr><\/tbody><\/table><\/figure>\n\n\n\n<figure class=\"wp-block-image size-large\"><img loading=\"lazy\" decoding=\"async\" width=\"1024\" height=\"450\" src=\"https:\/\/vedas-endurance.fr\/wp-content\/uploads\/2023\/11\/IMG-20231122-WA0001-1024x450.jpg\" alt=\"\" class=\"wp-image-1096\" srcset=\"https:\/\/vedas-endurance.fr\/wp-content\/uploads\/2023\/11\/IMG-20231122-WA0001-1024x450.jpg 1024w, https:\/\/vedas-endurance.fr\/wp-content\/uploads\/2023\/11\/IMG-20231122-WA0001-300x132.jpg 300w, https:\/\/vedas-endurance.fr\/wp-content\/uploads\/2023\/11\/IMG-20231122-WA0001-768x338.jpg 768w, https:\/\/vedas-endurance.fr\/wp-content\/uploads\/2023\/11\/IMG-20231122-WA0001-1536x675.jpg 1536w, https:\/\/vedas-endurance.fr\/wp-content\/uploads\/2023\/11\/IMG-20231122-WA0001-1232x541.jpg 1232w, https:\/\/vedas-endurance.fr\/wp-content\/uploads\/2023\/11\/IMG-20231122-WA0001-1920x844.jpg 1920w, https:\/\/vedas-endurance.fr\/wp-content\/uploads\/2023\/11\/IMG-20231122-WA0001.jpg 2048w\" sizes=\"auto, (max-width: 1024px) 100vw, 1024px\" \/><\/figure>\n\n\n\n<hr class=\"wp-block-separator has-alpha-channel-opacity\"\/>\n\n\n\n<p><strong>Historique<\/strong><\/p>\n\n\n\n<p>&#8211; <strong>06\/12\/2001 : <\/strong>Enregistrement en pr\u00e9fecture de l\u2019association Courir Hors Stade \u00e0 Saint Jean de V\u00e9das sous le n\u00b00343029992 (Journal Officiel du 29\/12\/2001)<\/p>\n\n\n\n<p>&#8211; <strong>16\/04\/2004 :<\/strong> D\u00e9claration \u00e0 la Direction R\u00e9gionale et D\u00e9partementale de la Jeunesse et des Sports sous le n\u00b0 ET002468 code 03404ET0061<\/p>\n\n\n\n<p>&#8211; <strong>21\/03 \/2005 :<\/strong> Enregistrement en pr\u00e9fecture du changement de titre de l\u2019association (Journal Officiel du 30\/04\/2005). Courir Hors Stade \u00e0 Saint Jean de V\u00e9das devient V\u00c9DAS ENDURANCE (A.G. Extraordinaire du 21\/01\/2005).<\/p>\n\n\n\n<p>&#8211; <strong>13\/12\/2006 :<\/strong> Affiliation \u00e0 la F\u00e9d\u00e9ration Fran\u00e7aise d\u2019Athl\u00e9tisme sous le n\u00b0 034063<\/p>\n\n\n\n<p>&#8211; <strong>16\/06\/2009 :<\/strong> Adh\u00e9sion au <a href=\"http:\/\/www.ma2m.fr\/\" target=\"_blank\" rel=\"noreferrer noopener\">Montpellier Athl\u00e9tic M\u00e9diterran\u00e9e <\/a>(A.G. Extraordinaire du 12\/06\/2009)<\/p>\n\n\n\n<p>&#8211; <strong>10\/12\/2013 :<\/strong> Enregistrement en pr\u00e9fecture des nouveaux statuts adopt\u00e9s en A.G extraordinaire du 04\/10\/2013.<\/p>\n\n\n\n<hr class=\"wp-block-separator has-alpha-channel-opacity\"\/>\n","protected":false},"excerpt":{"rendered":"<p>V\u00c9DAS ENDURANCE propose de d\u00e9velopper la pratique de la course \u00e0 pied de mani\u00e8re collective au sein d\u2019une structure organis\u00e9e s\u2019assurant les services d\u2019un entra\u00eeneur hors stade niveau 3 de la F\u00e9d\u00e9ration Fran\u00e7aise d\u2019Athl\u00e9tisme (F.F.A) et de plusieurs entra\u00eeneurs-adjoints. Il ne s\u2019agit pas pour l\u2019association de former une \u00e9lite mais de mettre en \u0153uvre les&nbsp;&hellip;<\/p>\n","protected":false},"author":1,"featured_media":104,"parent":0,"menu_order":2,"comment_status":"closed","ping_status":"closed","template":"","meta":{"footnotes":""},"class_list":["post-36","page","type-page","status-publish","has-post-thumbnail","hentry"],"_links":{"self":[{"href":"https:\/\/vedas-endurance.fr\/index.php\/wp-json\/wp\/v2\/pages\/36","targetHints":{"allow":["GET"]}}],"collection":[{"href":"https:\/\/vedas-endurance.fr\/index.php\/wp-json\/wp\/v2\/pages"}],"about":[{"href":"https:\/\/vedas-endurance.fr\/index.php\/wp-json\/wp\/v2\/types\/page"}],"author":[{"embeddable":true,"href":"https:\/\/vedas-endurance.fr\/index.php\/wp-json\/wp\/v2\/users\/1"}],"replies":[{"embeddable":true,"href":"https:\/\/vedas-endurance.fr\/index.php\/wp-json\/wp\/v2\/comments?post=36"}],"version-history":[{"count":21,"href":"https:\/\/vedas-endurance.fr\/index.php\/wp-json\/wp\/v2\/pages\/36\/revisions"}],"predecessor-version":[{"id":1994,"href":"https:\/\/vedas-endurance.fr\/index.php\/wp-json\/wp\/v2\/pages\/36\/revisions\/1994"}],"wp:featuredmedia":[{"embeddable":true,"href":"https:\/\/vedas-endurance.fr\/index.php\/wp-json\/wp\/v2\/media\/104"}],"wp:attachment":[{"href":"https:\/\/vedas-endurance.fr\/index.php\/wp-json\/wp\/v2\/media?parent=36"}],"curies":[{"name":"wp","href":"https:\/\/api.w.org\/{rel}","templated":true}]}}

<div class="wp-block-image">
<figure class="aligncenter size-full is-resized"><img loading="lazy" decoding="async" width="1102" height="1131" src="https://vedas-endurance.fr/wp-content/uploads/2024/10/cropped-logo-vedas-new.jpeg" alt="" class="wp-image-1983" style="width:440px;height:auto" srcset="https://vedas-endurance.fr/wp-content/uploads/2024/10/cropped-logo-vedas-new.jpeg 1102w, https://vedas-endurance.fr/wp-content/uploads/2024/10/cropped-logo-vedas-new-292x300.jpeg 292w, https://vedas-endurance.fr/wp-content/uploads/2024/10/cropped-logo-vedas-new-998x1024.jpeg 998w, https://vedas-endurance.fr/wp-content/uploads/2024/10/cropped-logo-vedas-new-768x788.jpeg 768w, https://vedas-endurance.fr/wp-content/uploads/2024/10/cropped-logo-vedas-new-1052x1080.jpeg 1052w" sizes="auto, (max-width: 1102px) 100vw, 1102px" /></figure>
</div>


<p>VÉDAS ENDURANCE propose de développer la pratique de la course à pied de manière collective au sein d’une structure organisée s’assurant les services d’un entraîneur hors stade niveau 3 de la Fédération Française d’Athlétisme (F.F.A) et de plusieurs entraîneurs-adjoints.</p>



<p>Il ne s’agit pas pour l’association de former une élite mais de mettre en œuvre les moyens qui permettent de pratiquer collectivement un sport individuel qui demande beaucoup d’engagement et de motivation.&nbsp;</p>



<p>C’est dans le groupe que chacun puise son énergie pour courir avec plaisir et bonne humeur. VÉDAS ENDURANCE offre aussi la possibilité de progresser dans ce sport de manière ludique et construite en respectant les objectifs de chacun.&nbsp;</p>



<p>Pour ceux qui le souhaitent, VÉDAS ENDURANCE propose une alternative fédérative avec la souscription d’une licence permettant de participer aux compétitions officielles et aux divers championnats de la F.F.A.</p>



<p>Pour favoriser la convivialité au sein du groupe, VÉDAS ENDURANCE organise régulièrement des rencontres festives et familiales, des soirées thématiques sur la bonne pratique de la course à pied, des activités sportives diverses, des week-ends course à pied en France ou à l’étranger.<br>Il est entendu que toutes les activités encadrées par VÉDAS ENDURANCE sont facultatives et que le club s’engage à respecter en toutes circonstances l’esprit de liberté qui prévaut à la pratique de la course à pied.</p>



<hr class="wp-block-separator has-alpha-channel-opacity"/>



<p><strong>Le Bureau</strong></p>



<figure class="wp-block-table aligncenter is-style-stripes"><table><tbody><tr><td class="has-text-align-center" data-align="center"><strong>Président</strong></td><td class="has-text-align-center" data-align="center">Denis JEANCEL</td><td class="has-text-align-center" data-align="center"><img loading="lazy" decoding="async" width="150" height="149" class="wp-image-234" style="width: 150px;" src="https://vedas-endurance.fr/wp-content/uploads/2022/09/denis.jpg" alt="" srcset="https://vedas-endurance.fr/wp-content/uploads/2022/09/denis.jpg 828w, https://vedas-endurance.fr/wp-content/uploads/2022/09/denis-300x297.jpg 300w, https://vedas-endurance.fr/wp-content/uploads/2022/09/denis-150x150.jpg 150w, https://vedas-endurance.fr/wp-content/uploads/2022/09/denis-768x761.jpg 768w" sizes="auto, (max-width: 150px) 100vw, 150px" /></td></tr><tr><td class="has-text-align-center" data-align="center"><strong>Vice-Président</strong></td><td class="has-text-align-center" data-align="center">Luc BERENGUER</td><td class="has-text-align-center" data-align="center"><img loading="lazy" decoding="async" width="150" height="150" class="wp-image-254" style="width: 150px;" src="https://vedas-endurance.fr/wp-content/uploads/2022/09/luc.png" alt=""><strong>&nbsp;</strong></td></tr><tr><td class="has-text-align-center" data-align="center"><strong>Secrétaire</strong></td><td class="has-text-align-center" data-align="center">Pascal JOUANNO</td><td class="has-text-align-center" data-align="center"><img loading="lazy" decoding="async" width="147" height="147" class="wp-image-235" style="width: 147px;" src="https://vedas-endurance.fr/wp-content/uploads/2022/09/pascal.png" alt=""></td></tr><tr><td class="has-text-align-center" data-align="center"><strong>Trésorière</strong></td><td class="has-text-align-center" data-align="center">Laurence SOLER</td><td class="has-text-align-center" data-align="center"><img loading="lazy" decoding="async" width="147" height="146" class="wp-image-236" style="width: 147px;" src="https://vedas-endurance.fr/wp-content/uploads/2022/09/laurence.png" alt=""></td></tr><tr><td class="has-text-align-center" data-align="center"><strong>Entraîneur F.F.A.</strong></td><td class="has-text-align-center" data-align="center">Erik TALLAGRAND</td><td class="has-text-align-center" data-align="center"><img loading="lazy" decoding="async" width="150" height="150" class="wp-image-268" style="width: 150px;" src="https://vedas-endurance.fr/wp-content/uploads/2022/09/Erik.png" alt=""><strong>&nbsp;</strong></td></tr><tr><td class="has-text-align-center" data-align="center"><strong>Communication</strong></td><td class="has-text-align-center" data-align="center">Nathalie LACAM<br>Dominique HURAULT<br></td><td class="has-text-align-center" data-align="center"><img loading="lazy" decoding="async" width="150" height="150" class="wp-image-237" style="width: 150px;" src="https://vedas-endurance.fr/wp-content/uploads/2022/09/nathalie.jpg" alt="" srcset="https://vedas-endurance.fr/wp-content/uploads/2022/09/nathalie.jpg 828w, https://vedas-endurance.fr/wp-content/uploads/2022/09/nathalie-300x300.jpg 300w, https://vedas-endurance.fr/wp-content/uploads/2022/09/nathalie-150x150.jpg 150w, https://vedas-endurance.fr/wp-content/uploads/2022/09/nathalie-768x768.jpg 768w" sizes="auto, (max-width: 150px) 100vw, 150px" /><br><img loading="lazy" decoding="async" width="147" height="148" class="wp-image-238" style="width: 147px;" src="https://vedas-endurance.fr/wp-content/uploads/2022/09/dominique.png" alt=""></td></tr><tr><td class="has-text-align-center" data-align="center"><strong>Membres actifs</strong></td><td class="has-text-align-center" data-align="center">Cédric PLANCHER / Eugénie KONRATH <br>Mireille AURIAC / Nicole CRÉBASSA <br>Patrice ALVERNHES / Michel FAVA <br>Jean- Pierre EXPOSITO / Marc COMBRET<br>Thierry ROUSSET / Florence BOUAH-KAMON<br>Laurent MARTY/ Manon DE FRANCO / Fabrice GRENIER</td><td class="has-text-align-center" data-align="center"></td></tr></tbody></table></figure>



<figure class="wp-block-image size-large"><img loading="lazy" decoding="async" width="1024" height="450" src="https://vedas-endurance.fr/wp-content/uploads/2023/11/IMG-20231122-WA0001-1024x450.jpg" alt="" class="wp-image-1096" srcset="https://vedas-endurance.fr/wp-content/uploads/2023/11/IMG-20231122-WA0001-1024x450.jpg 1024w, https://vedas-endurance.fr/wp-content/uploads/2023/11/IMG-20231122-WA0001-300x132.jpg 300w, https://vedas-endurance.fr/wp-content/uploads/2023/11/IMG-20231122-WA0001-768x338.jpg 768w, https://vedas-endurance.fr/wp-content/uploads/2023/11/IMG-20231122-WA0001-1536x675.jpg 1536w, https://vedas-endurance.fr/wp-content/uploads/2023/11/IMG-20231122-WA0001-1232x541.jpg 1232w, https://vedas-endurance.fr/wp-content/uploads/2023/11/IMG-20231122-WA0001-1920x844.jpg 1920w, https://vedas-endurance.fr/wp-content/uploads/2023/11/IMG-20231122-WA0001.jpg 2048w" sizes="auto, (max-width: 1024px) 100vw, 1024px" /></figure>



<hr class="wp-block-separator has-alpha-channel-opacity"/>



<p><strong>Historique</strong></p>



<p>&#8211; <strong>06/12/2001 : </strong>Enregistrement en préfecture de l’association Courir Hors Stade à Saint Jean de Védas sous le n°0343029992 (Journal Officiel du 29/12/2001)</p>



<p>&#8211; <strong>16/04/2004 :</strong> Déclaration à la Direction Régionale et Départementale de la Jeunesse et des Sports sous le n° ET002468 code 03404ET0061</p>



<p>&#8211; <strong>21/03 /2005 :</strong> Enregistrement en préfecture du changement de titre de l’association (Journal Officiel du 30/04/2005). Courir Hors Stade à Saint Jean de Védas devient VÉDAS ENDURANCE (A.G. Extraordinaire du 21/01/2005).</p>



<p>&#8211; <strong>13/12/2006 :</strong> Affiliation à la Fédération Française d’Athlétisme sous le n° 034063</p>



<p>&#8211; <strong>16/06/2009 :</strong> Adhésion au <a href="http://www.ma2m.fr/" target="_blank" rel="noreferrer noopener">Montpellier Athlétic Méditerranée </a>(A.G. Extraordinaire du 12/06/2009)</p>



<p>&#8211; <strong>10/12/2013 :</strong> Enregistrement en préfecture des nouveaux statuts adoptés en A.G extraordinaire du 04/10/2013.</p>



<hr class="wp-block-separator has-alpha-channel-opacity"/>

<p>VÉDAS ENDURANCE propose de développer la pratique de la course à pied de manière collective au sein d’une structure organisée s’assurant les services d’un entraîneur hors stade niveau 3 de la Fédération Française d’Athlétisme (F.F.A) et de plusieurs entraîneurs-adjoints. Il ne s’agit pas pour l’association de former une élite mais de mettre en œuvre les&nbsp;&hellip;</p>
