{"id":884,"date":"2023-09-16T19:21:22","date_gmt":"2023-09-16T17:21:22","guid":{"rendered":"https:\/\/vedas-endurance.fr\/?page_id=884"},"modified":"2024-02-12T11:18:34","modified_gmt":"2024-02-12T10:18:34","slug":"iii-calcul-et-objectifs","status":"publish","type":"page","link":"https:\/\/vedas-endurance.fr\/index.php\/iii-calcul-et-objectifs\/","title":{"rendered":"8\/ Calculs et Objectifs"},"content":{"rendered":"\n<p>Pour ce calcul, et afin que nous restions sur des r\u00e9sultats plus exploitables, nous proposons deux formules correspondant \u00e0 un individu mesurant 1,76 m et dont le tour de poignet = 17cm&nbsp;:<\/p>\n\n\n\n<p>&#8211; En voici une (parmi une dizaine des plus connues !) qui nous semble donner un r\u00e9sultat raisonnable pour les amateurs \u00e9clair\u00e9s que nous sommes :<\/p>\n\n\n\n<p><strong>&nbsp;&nbsp;&nbsp;&nbsp;&nbsp;&nbsp; Poids id\u00e9al = <u>Taille en cm \u2013 100 + (4x tour du poignet)<\/u> = <u>176 -100 +(4&#215;17) = 72kg<\/u><\/strong><\/p>\n\n\n\n<p><strong>&nbsp;&nbsp;&nbsp;&nbsp;&nbsp;&nbsp;&nbsp;&nbsp;&nbsp;&nbsp;&nbsp;&nbsp;&nbsp;&nbsp;&nbsp;&nbsp;&nbsp;&nbsp;&nbsp;&nbsp;&nbsp;&nbsp;&nbsp;&nbsp;&nbsp;&nbsp;&nbsp;&nbsp;&nbsp;&nbsp;&nbsp;&nbsp;&nbsp;&nbsp;&nbsp;&nbsp;&nbsp;&nbsp;&nbsp;&nbsp;&nbsp;&nbsp;&nbsp;&nbsp;&nbsp;&nbsp; &nbsp; 2&nbsp;&nbsp;&nbsp;&nbsp;&nbsp;&nbsp;&nbsp;&nbsp;&nbsp;&nbsp;&nbsp;&nbsp;&nbsp;&nbsp;&nbsp;&nbsp;&nbsp;&nbsp;&nbsp;&nbsp;&nbsp;&nbsp;&nbsp;&nbsp;&nbsp;&nbsp;&nbsp;&nbsp;&nbsp;&nbsp;&nbsp;&nbsp;&nbsp;&nbsp;&nbsp;&nbsp;&nbsp;&nbsp;&nbsp;&nbsp;&nbsp;&nbsp;&nbsp;&nbsp;&nbsp;&nbsp;&nbsp;&nbsp;&nbsp;&nbsp;&nbsp;&nbsp;&nbsp;&nbsp;&nbsp;&nbsp;&nbsp;&nbsp;&nbsp;&nbsp;&nbsp;&nbsp;&nbsp;&nbsp;&nbsp;&nbsp; &nbsp;&nbsp;&nbsp;&nbsp;&nbsp;&nbsp; 2<\/strong><\/p>\n\n\n\n<p>&#8211; Une autre qui semble s&rsquo;adresser plut\u00f4t \u00e0 des sportifs plus pointus :<\/p>\n\n\n\n<p><strong>&nbsp;Poids id\u00e9al = (taille en cm-100) \u2013 [(taille en cm-150) : 4] pour hommes, ou 2,5 pour femmes<\/strong>&nbsp;&nbsp;&nbsp;&nbsp;&nbsp;&nbsp;&nbsp;&nbsp;&nbsp;&nbsp;<\/p>\n\n\n\n<p>&nbsp;&nbsp;&nbsp;&nbsp;&nbsp;&nbsp;&nbsp;&nbsp;&nbsp;&nbsp;&nbsp;&nbsp;&nbsp;&nbsp;&nbsp;&nbsp;&nbsp;&nbsp;&nbsp;&nbsp;&nbsp;&nbsp;&nbsp; soit(176 \u2013 100) \u2013 [(176 \u2013 150) : 4] = <strong>69,5 kg<\/strong><\/p>\n\n\n\n<p>La v\u00e9rit\u00e9 est certainement entre ces deux chiffres et peut varier en fonction de la morphologie de chacun, selon qu&rsquo;il sera plus ou moins charpent\u00e9 ou gracile. En tout \u00e9tat de cause, le poids id\u00e9al est celui qui donne la sensation d&rsquo;\u00eatre affut\u00e9<strong> MAIS AUSSI <\/strong>bien dans sa peau.&nbsp; La recherche de la sacro-sainte Perf du dimanche ne doit pas nous conduire \u00e0 un exc\u00e8s de privations, toujours dommageables pour notre \u00e9quilibre physique et psychique.<\/p>\n\n\n\n<p>Les r\u00e9gimes drastiques qui laissent esp\u00e9rer une perte de poids rapide favorisent aussi la perte de masse musculaire, et aboutissent toujours \u00e0 une reprise de poids. Afin d&rsquo;\u00e9viter une inflation progressive des r\u00e9serves adipeuses au cours des amaigrissements et prises de poids successifs (effet de yo-yo), deux recommandations : Un entra\u00eenement adapt\u00e9 et un bon \u00e9quilibre alimentaire.<\/p>\n\n\n\n<hr class=\"wp-block-separator has-alpha-channel-opacity\"\/>\n\n\n\n<p>A\/ <em>Un entra\u00eenement adapt\u00e9<\/em><\/p>\n\n\n\n<p>Si l&rsquo;on est vraiment en surpoids (plus de 4 ou 5 kg), la recherche du poids de forme devra primer sur la performance, et s&rsquo;inscrire dans la dur\u00e9e&nbsp;; tout comme on se fixe en d\u00e9but de saison, plusieurs mois \u00e0 l&rsquo;avance, un objectif de comp\u00e9tition majeure. Br\u00fblez des calories, pas les \u00e9tapes !<\/p>\n\n\n\n<p>Par ailleurs, on doit privil\u00e9gier les sorties en endurance (70\/80% de la fr\u00e9quence cardiaque max) qui sont les plus consommatrices d&rsquo;acides gras, et qui, par un allongement progressif du kilom\u00e9trage, assurent le maintien, voire le d\u00e9veloppement de la masse musculaire, malgr\u00e9 l&rsquo;observation d&rsquo;un \u00e9ventuel r\u00e9gime all\u00e9g\u00e9 en calories.<\/p>\n\n\n\n<p>A des allures plus soutenues, face \u00e0 l&rsquo;urgence, l&rsquo;organisme se tourne d&rsquo;abord vers les sucres \u00ab&nbsp;pr\u00eats \u00e0 consommer&nbsp;\u00bb tr\u00e8s \u00e9nerg\u00e9tiques, emmagasin\u00e9s dans les muscles, et se d\u00e9tourne des sucres issus de la transformation de nos r\u00e9serves de gras, abondantes dans le foie et le pancr\u00e9as, moins \u00e9nerg\u00e9tiques plut\u00f4t r\u00e9serv\u00e9es \u00e0 l&rsquo;endurance.<\/p>\n\n\n\n<p>Une heure en endurance, ce sont d\u00e9j\u00e0 600 \u00e0 800 calories d\u00e9pens\u00e9es, soit une ration de choucroute !<\/p>\n\n\n\n<hr class=\"wp-block-separator has-alpha-channel-opacity\"\/>\n\n\n\n<p>B\/ <em>Un bon \u00e9quilibre alimentaire<\/em><\/p>\n\n\n\n<p>Oublions les r\u00e9gimes tr\u00e8s restrictifs, tels les r\u00e9gimes dissoci\u00e9s, qui \u00e0 terme provoquent des carences en vitamines et sels min\u00e9raux.<\/p>\n\n\n\n<p>En principe,gr\u00e2ce\u00e0un entra\u00eenement bien conduit, les kilos superflus fondent, et on trouve son poids de forme sans qu&rsquo;il soit n\u00e9cessaire de s&rsquo;astreindre \u00e0 un r\u00e9gime contraignant. Mais il va de soi que le processus n&rsquo;en sera que plus efficace si l&rsquo;on adopte des habitudes plus saines, et que l&rsquo;on est vigilant quant \u00e0 l&rsquo;application des fameuses \u00e9quations \u00ab&nbsp;calories ing\u00e9r\u00e9es\/calories d\u00e9pens\u00e9es&nbsp;\u00bb.<\/p>\n\n\n\n<p>Il n&rsquo;y a pas de mauvais aliments, il n&rsquo;y a que de mauvaises habitudes. Pas besoin d&rsquo;\u00eatre un expert en di\u00e9t\u00e9tique pour comprendre qu&rsquo;un \u0153uf coque au petit d\u00e9jeuner est plus sain qu&rsquo;un \u0153uf mayonnaise au d\u00eener ! L&rsquo;ennemi, c&rsquo;est le trop, le trop copieux, le trop gras, le trop sal\u00e9, le trop sucr\u00e9 !<\/p>\n","protected":false},"excerpt":{"rendered":"<p>Pour ce calcul, et afin que nous restions sur des r\u00e9sultats plus exploitables, nous proposons deux formules correspondant \u00e0 un individu mesurant 1,76 m et dont le tour de poignet = 17cm&nbsp;: &#8211; En voici une (parmi une dizaine des plus connues !) qui nous semble donner un r\u00e9sultat raisonnable pour les amateurs \u00e9clair\u00e9s que&nbsp;&hellip;<\/p>\n","protected":false},"author":1,"featured_media":0,"parent":0,"menu_order":0,"comment_status":"closed","ping_status":"closed","template":"","meta":{"footnotes":""},"class_list":["post-884","page","type-page","status-publish","hentry"],"_links":{"self":[{"href":"https:\/\/vedas-endurance.fr\/index.php\/wp-json\/wp\/v2\/pages\/884","targetHints":{"allow":["GET"]}}],"collection":[{"href":"https:\/\/vedas-endurance.fr\/index.php\/wp-json\/wp\/v2\/pages"}],"about":[{"href":"https:\/\/vedas-endurance.fr\/index.php\/wp-json\/wp\/v2\/types\/page"}],"author":[{"embeddable":true,"href":"https:\/\/vedas-endurance.fr\/index.php\/wp-json\/wp\/v2\/users\/1"}],"replies":[{"embeddable":true,"href":"https:\/\/vedas-endurance.fr\/index.php\/wp-json\/wp\/v2\/comments?post=884"}],"version-history":[{"count":5,"href":"https:\/\/vedas-endurance.fr\/index.php\/wp-json\/wp\/v2\/pages\/884\/revisions"}],"predecessor-version":[{"id":1260,"href":"https:\/\/vedas-endurance.fr\/index.php\/wp-json\/wp\/v2\/pages\/884\/revisions\/1260"}],"wp:attachment":[{"href":"https:\/\/vedas-endurance.fr\/index.php\/wp-json\/wp\/v2\/media?parent=884"}],"curies":[{"name":"wp","href":"https:\/\/api.w.org\/{rel}","templated":true}]}}